{"id":574,"date":"2023-11-11T20:07:55","date_gmt":"2023-11-11T19:07:55","guid":{"rendered":"http:\/\/nouveau.lyceeretiers.bzh\/?page_id=574"},"modified":"2026-01-08T09:06:19","modified_gmt":"2026-01-08T08:06:19","slug":"premieres","status":"publish","type":"page","link":"https:\/\/www.lyceeretiers.bzh\/?page_id=574","title":{"rendered":"Premieres"},"content":{"rendered":"\t\t<div data-elementor-type=\"wp-page\" data-elementor-id=\"574\" class=\"elementor elementor-574\">\n\t\t\t\t\t\t<section class=\"elementor-section elementor-top-section elementor-element elementor-element-fdbaf91 elementor-section-full_width elementor-section-height-min-height elementor-section-height-default elementor-section-items-middle\" data-id=\"fdbaf91\" data-element_type=\"section\" data-e-type=\"section\" data-settings=\"{&quot;background_background&quot;:&quot;slideshow&quot;,&quot;background_slideshow_gallery&quot;:[{&quot;id&quot;:1329,&quot;url&quot;:&quot;https:\\\/\\\/www.lyceeretiers.bzh\\\/wp-content\\\/uploads\\\/2024\\\/01\\\/lycee_rogne_bis.png&quot;}],&quot;background_slideshow_loop&quot;:&quot;yes&quot;,&quot;background_slideshow_slide_duration&quot;:5000,&quot;background_slideshow_slide_transition&quot;:&quot;fade&quot;,&quot;background_slideshow_transition_duration&quot;:500}\">\n\t\t\t\t\t\t<div class=\"elementor-container elementor-column-gap-default\">\n\t\t\t\t\t<div class=\"elementor-column elementor-col-100 elementor-top-column elementor-element elementor-element-7a5176f7\" data-id=\"7a5176f7\" data-element_type=\"column\" data-e-type=\"column\">\n\t\t\t<div class=\"elementor-widget-wrap elementor-element-populated\">\n\t\t\t\t\t\t<div class=\"elementor-element elementor-element-45381ed0 elementor-widget elementor-widget-text-editor\" data-id=\"45381ed0\" data-element_type=\"widget\" data-e-type=\"widget\" data-widget_type=\"text-editor.default\">\n\t\t\t\t<div class=\"elementor-widget-container\">\n\t\t\t\t\t\t\t\t\t<p>Infos Premi\u00e8res<\/p>\t\t\t\t\t\t\t\t<\/div>\n\t\t\t\t<\/div>\n\t\t\t\t\t<\/div>\n\t\t<\/div>\n\t\t\t\t\t<\/div>\n\t\t<\/section>\n\t\t<div class=\"elementor-element elementor-element-fa73a47 e-grid e-con-boxed e-con e-parent\" data-id=\"fa73a47\" data-element_type=\"container\" data-e-type=\"container\">\n\t\t\t\t\t<div class=\"e-con-inner\">\n\t\t\t\t<div class=\"elementor-element elementor-element-74978a0 elementor-align-center elementor-widget__width-initial elementor-widget elementor-widget-button\" data-id=\"74978a0\" data-element_type=\"widget\" data-e-type=\"widget\" data-widget_type=\"button.default\">\n\t\t\t\t<div class=\"elementor-widget-container\">\n\t\t\t\t\t\t\t\t\t<div class=\"elementor-button-wrapper\">\n\t\t\t\t\t<a class=\"elementor-button elementor-button-link elementor-size-lg\" href=\"https:\/\/drive.google.com\/file\/d\/1K1W5L4r7yutcbMrZLrOc4jprLVfCYTG9\/view?usp=sharing\">\n\t\t\t\t\t\t<span class=\"elementor-button-content-wrapper\">\n\t\t\t\t\t\t\t\t\t<span class=\"elementor-button-text\">Projet local d'\u00e9valuation<\/span>\n\t\t\t\t\t<\/span>\n\t\t\t\t\t<\/a>\n\t\t\t\t<\/div>\n\t\t\t\t\t\t\t\t<\/div>\n\t\t\t\t<\/div>\n\t\t\t\t<div class=\"elementor-element elementor-element-54235c5 elementor-align-center elementor-widget__width-initial elementor-widget elementor-widget-button\" data-id=\"54235c5\" data-element_type=\"widget\" data-e-type=\"widget\" data-widget_type=\"button.default\">\n\t\t\t\t<div class=\"elementor-widget-container\">\n\t\t\t\t\t\t\t\t\t<div class=\"elementor-button-wrapper\">\n\t\t\t\t\t<a class=\"elementor-button elementor-button-link elementor-size-lg\" href=\"https:\/\/drive.google.com\/file\/d\/1ViJcYusO6i46RRDjuY1nsfWeDo6F0zr4\/view?usp=sharing\">\n\t\t\t\t\t\t<span class=\"elementor-button-content-wrapper\">\n\t\t\t\t\t\t\t\t\t<span class=\"elementor-button-text\">R\u00e9union de rentr\u00e9e 1\u00e8re<\/span>\n\t\t\t\t\t<\/span>\n\t\t\t\t\t<\/a>\n\t\t\t\t<\/div>\n\t\t\t\t\t\t\t\t<\/div>\n\t\t\t\t<\/div>\n\t\t\t\t<div class=\"elementor-element elementor-element-b4b0822 elementor-align-center elementor-widget__width-initial elementor-widget elementor-widget-button\" data-id=\"b4b0822\" data-element_type=\"widget\" data-e-type=\"widget\" data-widget_type=\"button.default\">\n\t\t\t\t<div class=\"elementor-widget-container\">\n\t\t\t\t\t\t\t\t\t<div class=\"elementor-button-wrapper\">\n\t\t\t\t\t<a class=\"elementor-button elementor-button-link elementor-size-lg\" href=\"https:\/\/drive.google.com\/file\/d\/16bQURtKJCz3NBrIFcvUcu1gxQH68IQjU\/view?usp=sharing\">\n\t\t\t\t\t\t<span class=\"elementor-button-content-wrapper\">\n\t\t\t\t\t\t\t\t\t<span class=\"elementor-button-text\">R\u00e9union d'orientation janvier<\/span>\n\t\t\t\t\t<\/span>\n\t\t\t\t\t<\/a>\n\t\t\t\t<\/div>\n\t\t\t\t\t\t\t\t<\/div>\n\t\t\t\t<\/div>\n\t\t\t\t\t<\/div>\n\t\t\t\t<\/div>\n\t\t<div class=\"elementor-element elementor-element-a00b194 e-flex e-con-boxed e-con e-parent\" data-id=\"a00b194\" data-element_type=\"container\" data-e-type=\"container\">\n\t\t\t\t\t<div class=\"e-con-inner\">\n\t\t\t\t<div class=\"elementor-element elementor-element-4032cad elementor-widget elementor-widget-image\" data-id=\"4032cad\" data-element_type=\"widget\" data-e-type=\"widget\" data-widget_type=\"image.default\">\n\t\t\t\t<div class=\"elementor-widget-container\">\n\t\t\t\t\t\t\t\t\t\t\t\t\t\t\t<img fetchpriority=\"high\" decoding=\"async\" width=\"1448\" height=\"2048\" src=\"https:\/\/www.lyceeretiers.bzh\/wp-content\/uploads\/2024\/04\/Tronc-commun-1448x2048.png\" class=\"attachment-2048x2048 size-2048x2048 wp-image-2753\" alt=\"\" srcset=\"https:\/\/www.lyceeretiers.bzh\/wp-content\/uploads\/2024\/04\/Tronc-commun-1448x2048.png 1448w, https:\/\/www.lyceeretiers.bzh\/wp-content\/uploads\/2024\/04\/Tronc-commun-212x300.png 212w, https:\/\/www.lyceeretiers.bzh\/wp-content\/uploads\/2024\/04\/Tronc-commun-724x1024.png 724w, https:\/\/www.lyceeretiers.bzh\/wp-content\/uploads\/2024\/04\/Tronc-commun-768x1086.png 768w, https:\/\/www.lyceeretiers.bzh\/wp-content\/uploads\/2024\/04\/Tronc-commun-1086x1536.png 1086w, https:\/\/www.lyceeretiers.bzh\/wp-content\/uploads\/2024\/04\/Tronc-commun.png 1587w\" sizes=\"(max-width: 1448px) 100vw, 1448px\" \/>\t\t\t\t\t\t\t\t\t\t\t\t\t\t\t<\/div>\n\t\t\t\t<\/div>\n\t\t\t\t\t<\/div>\n\t\t\t\t<\/div>\n\t\t<div class=\"elementor-element elementor-element-c55345d e-flex e-con-boxed e-con e-parent\" data-id=\"c55345d\" data-element_type=\"container\" data-e-type=\"container\">\n\t\t\t\t\t<div class=\"e-con-inner\">\n\t\t\t\t<div class=\"elementor-element elementor-element-f00c002 elementor-widget elementor-widget-image\" data-id=\"f00c002\" data-element_type=\"widget\" data-e-type=\"widget\" data-widget_type=\"image.default\">\n\t\t\t\t<div class=\"elementor-widget-container\">\n\t\t\t\t\t\t\t\t\t\t\t\t\t\t\t<img decoding=\"async\" width=\"1448\" height=\"2048\" src=\"https:\/\/www.lyceeretiers.bzh\/wp-content\/uploads\/2024\/04\/Tronc-commun-1-1448x2048.png\" class=\"attachment-2048x2048 size-2048x2048 wp-image-2757\" alt=\"\" srcset=\"https:\/\/www.lyceeretiers.bzh\/wp-content\/uploads\/2024\/04\/Tronc-commun-1-1448x2048.png 1448w, https:\/\/www.lyceeretiers.bzh\/wp-content\/uploads\/2024\/04\/Tronc-commun-1-212x300.png 212w, https:\/\/www.lyceeretiers.bzh\/wp-content\/uploads\/2024\/04\/Tronc-commun-1-724x1024.png 724w, https:\/\/www.lyceeretiers.bzh\/wp-content\/uploads\/2024\/04\/Tronc-commun-1-768x1086.png 768w, https:\/\/www.lyceeretiers.bzh\/wp-content\/uploads\/2024\/04\/Tronc-commun-1-1086x1536.png 1086w, https:\/\/www.lyceeretiers.bzh\/wp-content\/uploads\/2024\/04\/Tronc-commun-1.png 1587w\" sizes=\"(max-width: 1448px) 100vw, 1448px\" \/>\t\t\t\t\t\t\t\t\t\t\t\t\t\t\t<\/div>\n\t\t\t\t<\/div>\n\t\t\t\t\t<\/div>\n\t\t\t\t<\/div>\n\t\t<div class=\"elementor-element elementor-element-b828c17 e-flex e-con-boxed e-con e-parent\" data-id=\"b828c17\" data-element_type=\"container\" data-e-type=\"container\">\n\t\t\t\t\t<div class=\"e-con-inner\">\n\t\t\t\t<div class=\"elementor-element elementor-element-95daeda elementor-widget elementor-widget-image\" data-id=\"95daeda\" data-element_type=\"widget\" data-e-type=\"widget\" data-widget_type=\"image.default\">\n\t\t\t\t<div class=\"elementor-widget-container\">\n\t\t\t\t\t\t\t\t\t\t\t\t\t\t\t<img decoding=\"async\" width=\"1448\" height=\"2048\" src=\"https:\/\/www.lyceeretiers.bzh\/wp-content\/uploads\/2024\/04\/Tronc-commun-2-1448x2048.png\" class=\"attachment-2048x2048 size-2048x2048 wp-image-2758\" alt=\"\" srcset=\"https:\/\/www.lyceeretiers.bzh\/wp-content\/uploads\/2024\/04\/Tronc-commun-2-1448x2048.png 1448w, https:\/\/www.lyceeretiers.bzh\/wp-content\/uploads\/2024\/04\/Tronc-commun-2-212x300.png 212w, https:\/\/www.lyceeretiers.bzh\/wp-content\/uploads\/2024\/04\/Tronc-commun-2-724x1024.png 724w, https:\/\/www.lyceeretiers.bzh\/wp-content\/uploads\/2024\/04\/Tronc-commun-2-768x1086.png 768w, https:\/\/www.lyceeretiers.bzh\/wp-content\/uploads\/2024\/04\/Tronc-commun-2-1086x1536.png 1086w, https:\/\/www.lyceeretiers.bzh\/wp-content\/uploads\/2024\/04\/Tronc-commun-2.png 1587w\" sizes=\"(max-width: 1448px) 100vw, 1448px\" \/>\t\t\t\t\t\t\t\t\t\t\t\t\t\t\t<\/div>\n\t\t\t\t<\/div>\n\t\t\t\t\t<\/div>\n\t\t\t\t<\/div>\n\t\t<div class=\"elementor-element elementor-element-3d74628 e-flex e-con-boxed e-con e-parent\" data-id=\"3d74628\" data-element_type=\"container\" data-e-type=\"container\">\n\t\t\t\t\t<div class=\"e-con-inner\">\n\t\t\t\t<div class=\"elementor-element elementor-element-d92d07a elementor-widget elementor-widget-image\" data-id=\"d92d07a\" data-element_type=\"widget\" data-e-type=\"widget\" data-widget_type=\"image.default\">\n\t\t\t\t<div class=\"elementor-widget-container\">\n\t\t\t\t\t\t\t\t\t\t\t\t\t\t\t<img loading=\"lazy\" decoding=\"async\" width=\"707\" height=\"742\" src=\"https:\/\/www.lyceeretiers.bzh\/wp-content\/uploads\/2026\/01\/options-premiere.jpg\" class=\"attachment-2048x2048 size-2048x2048 wp-image-5332\" alt=\"\" srcset=\"https:\/\/www.lyceeretiers.bzh\/wp-content\/uploads\/2026\/01\/options-premiere.jpg 707w, https:\/\/www.lyceeretiers.bzh\/wp-content\/uploads\/2026\/01\/options-premiere-286x300.jpg 286w\" sizes=\"(max-width: 707px) 100vw, 707px\" \/>\t\t\t\t\t\t\t\t\t\t\t\t\t\t\t<\/div>\n\t\t\t\t<\/div>\n\t\t\t\t\t<\/div>\n\t\t\t\t<\/div>\n\t\t<div class=\"elementor-element elementor-element-07fa8b8 e-flex e-con-boxed e-con e-parent\" data-id=\"07fa8b8\" data-element_type=\"container\" data-e-type=\"container\">\n\t\t\t\t\t<div class=\"e-con-inner\">\n\t\t\t\t<div class=\"elementor-element elementor-element-11db622 elementor-widget elementor-widget-image\" data-id=\"11db622\" data-element_type=\"widget\" data-e-type=\"widget\" data-widget_type=\"image.default\">\n\t\t\t\t<div class=\"elementor-widget-container\">\n\t\t\t\t\t\t\t\t\t\t\t\t\t\t\t<img loading=\"lazy\" decoding=\"async\" width=\"642\" height=\"432\" src=\"https:\/\/www.lyceeretiers.bzh\/wp-content\/uploads\/2026\/01\/Capture-decran-2026-01-08-090134.jpg\" class=\"attachment-2048x2048 size-2048x2048 wp-image-5334\" alt=\"\" srcset=\"https:\/\/www.lyceeretiers.bzh\/wp-content\/uploads\/2026\/01\/Capture-decran-2026-01-08-090134.jpg 642w, https:\/\/www.lyceeretiers.bzh\/wp-content\/uploads\/2026\/01\/Capture-decran-2026-01-08-090134-300x202.jpg 300w\" sizes=\"(max-width: 642px) 100vw, 642px\" \/>\t\t\t\t\t\t\t\t\t\t\t\t\t\t\t<\/div>\n\t\t\t\t<\/div>\n\t\t\t\t\t<\/div>\n\t\t\t\t<\/div>\n\t\t\t\t<\/div>\n\t\t","protected":false},"excerpt":{"rendered":"<p>Infos Premi\u00e8res Projet local d&rsquo;\u00e9valuation R\u00e9union de rentr\u00e9e 1\u00e8re R\u00e9union d&rsquo;orientation janvier<\/p>\n","protected":false},"author":1,"featured_media":0,"parent":0,"menu_order":0,"comment_status":"closed","ping_status":"closed","template":"","meta":{"footnotes":""},"class_list":["post-574","page","type-page","status-publish","hentry"],"jetpack_sharing_enabled":true,"rttpg_featured_image_url":null,"rttpg_author":{"display_name":"webretiersadmin","author_link":"https:\/\/www.lyceeretiers.bzh\/?author=1"},"rttpg_comment":0,"rttpg_category":null,"rttpg_excerpt":"Infos Premi\u00e8res Projet local d&rsquo;\u00e9valuation R\u00e9union de rentr\u00e9e 1\u00e8re R\u00e9union d&rsquo;orientation janvier","_links":{"self":[{"href":"https:\/\/www.lyceeretiers.bzh\/index.php?rest_route=\/wp\/v2\/pages\/574","targetHints":{"allow":["GET"]}}],"collection":[{"href":"https:\/\/www.lyceeretiers.bzh\/index.php?rest_route=\/wp\/v2\/pages"}],"about":[{"href":"https:\/\/www.lyceeretiers.bzh\/index.php?rest_route=\/wp\/v2\/types\/page"}],"author":[{"embeddable":true,"href":"https:\/\/www.lyceeretiers.bzh\/index.php?rest_route=\/wp\/v2\/users\/1"}],"replies":[{"embeddable":true,"href":"https:\/\/www.lyceeretiers.bzh\/index.php?rest_route=%2Fwp%2Fv2%2Fcomments&post=574"}],"version-history":[{"count":64,"href":"https:\/\/www.lyceeretiers.bzh\/index.php?rest_route=\/wp\/v2\/pages\/574\/revisions"}],"predecessor-version":[{"id":5340,"href":"https:\/\/www.lyceeretiers.bzh\/index.php?rest_route=\/wp\/v2\/pages\/574\/revisions\/5340"}],"wp:attachment":[{"href":"https:\/\/www.lyceeretiers.bzh\/index.php?rest_route=%2Fwp%2Fv2%2Fmedia&parent=574"}],"curies":[{"name":"wp","href":"https:\/\/api.w.org\/{rel}","templated":true}]}}