{"id":539,"date":"2023-11-11T19:57:50","date_gmt":"2023-11-11T18:57:50","guid":{"rendered":"http:\/\/nouveau.lyceeretiers.bzh\/?page_id=539"},"modified":"2025-02-05T17:50:28","modified_gmt":"2025-02-05T16:50:28","slug":"bdi","status":"publish","type":"page","link":"https:\/\/www.lyceeretiers.bzh\/?page_id=539","title":{"rendered":"BDI"},"content":{"rendered":"\t\t<div data-elementor-type=\"wp-page\" data-elementor-id=\"539\" class=\"elementor elementor-539\">\n\t\t\t\t\t\t<section class=\"elementor-section elementor-top-section elementor-element elementor-element-305f2665 elementor-section-full_width elementor-section-height-min-height elementor-section-height-default elementor-section-items-middle\" data-id=\"305f2665\" data-element_type=\"section\" data-e-type=\"section\" data-settings=\"{&quot;background_background&quot;:&quot;slideshow&quot;,&quot;background_slideshow_gallery&quot;:[{&quot;id&quot;:1329,&quot;url&quot;:&quot;https:\\\/\\\/www.lyceeretiers.bzh\\\/wp-content\\\/uploads\\\/2024\\\/01\\\/lycee_rogne_bis.png&quot;}],&quot;background_slideshow_loop&quot;:&quot;yes&quot;,&quot;background_slideshow_slide_duration&quot;:5000,&quot;background_slideshow_slide_transition&quot;:&quot;fade&quot;,&quot;background_slideshow_transition_duration&quot;:500}\">\n\t\t\t\t\t\t<div class=\"elementor-container elementor-column-gap-default\">\n\t\t\t\t\t<div class=\"elementor-column elementor-col-100 elementor-top-column elementor-element elementor-element-5d69dd49\" data-id=\"5d69dd49\" data-element_type=\"column\" data-e-type=\"column\">\n\t\t\t<div class=\"elementor-widget-wrap elementor-element-populated\">\n\t\t\t\t\t\t<div class=\"elementor-element elementor-element-4bd38fac elementor-widget elementor-widget-text-editor\" data-id=\"4bd38fac\" data-element_type=\"widget\" data-e-type=\"widget\" data-widget_type=\"text-editor.default\">\n\t\t\t\t<div class=\"elementor-widget-container\">\n\t\t\t\t\t\t\t\t\t<p>LE BDI<\/p>\t\t\t\t\t\t\t\t<\/div>\n\t\t\t\t<\/div>\n\t\t\t\t\t<\/div>\n\t\t<\/div>\n\t\t\t\t\t<\/div>\n\t\t<\/section>\n\t\t\t\t<section class=\"elementor-section elementor-top-section elementor-element elementor-element-7d46646 elementor-section-boxed elementor-section-height-default elementor-section-height-default\" data-id=\"7d46646\" data-element_type=\"section\" data-e-type=\"section\">\n\t\t\t\t\t\t<div class=\"elementor-container elementor-column-gap-default\">\n\t\t\t\t\t<div class=\"elementor-column elementor-col-100 elementor-top-column elementor-element elementor-element-58dad16\" data-id=\"58dad16\" data-element_type=\"column\" data-e-type=\"column\">\n\t\t\t<div class=\"elementor-widget-wrap\">\n\t\t\t\t\t\t\t<\/div>\n\t\t<\/div>\n\t\t\t\t\t<\/div>\n\t\t<\/section>\n\t\t\t\t<section class=\"elementor-section elementor-top-section elementor-element elementor-element-24ebd5e elementor-section-boxed elementor-section-height-default elementor-section-height-default\" data-id=\"24ebd5e\" data-element_type=\"section\" data-e-type=\"section\">\n\t\t\t\t\t\t<div class=\"elementor-container elementor-column-gap-default\">\n\t\t\t\t\t<div class=\"elementor-column elementor-col-100 elementor-top-column elementor-element elementor-element-38b95ee\" data-id=\"38b95ee\" data-element_type=\"column\" data-e-type=\"column\">\n\t\t\t<div class=\"elementor-widget-wrap elementor-element-populated\">\n\t\t\t\t\t\t<div class=\"elementor-element elementor-element-9ee653b elementor-widget elementor-widget-text-editor\" data-id=\"9ee653b\" data-element_type=\"widget\" data-e-type=\"widget\" data-widget_type=\"text-editor.default\">\n\t\t\t\t<div class=\"elementor-widget-container\">\n\t\t\t\t\t\t\t\t\t<p>Le\u00a0<strong>BDI<\/strong>\u00a0est un lieu d\u2019information sur l\u2019orientation, les \u00e9tudes, les dipl\u00f4mes, les m\u00e9tiers\u2026.Mais c\u2019est aussi un lieu de dialogue anim\u00e9 par des parents d\u2019\u00e9l\u00e8ves ou d&rsquo;anciens \u00e9l\u00e8ves\u00a0 b\u00e9n\u00e9voles, \u00e0 l\u2019intention des jeunes de notre lyc\u00e9e, sous la responsabilit\u00e9 du chef d\u2019\u00e9tablissement. Les ressources pour ces parents animateurs sont vari\u00e9es\u00a0: publications papier de l\u2019Onisep r\u00e9guli\u00e8rement mises \u00e0 jour, sites internet des\u00a0 lyc\u00e9es, des grandes \u00e9coles, des universit\u00e9s, divers journaux, brochures de presse sp\u00e9cialis\u00e9e (l\u2019Etudiant\u2026), dossiers sur les grandes fili\u00e8res de formation\u2026<\/p><p>Le parent b\u00e9n\u00e9vole accompagne le jeune dans sa d\u00e9marche, porte sur lui un regard qui n\u2019est ni celui de l\u2019\u00e9quipe \u00e9ducative, ni celui de ses parents. C\u2019est avec une neutralit\u00e9 bienveillante que ces parents aident les jeunes dans la r\u00e9flexion qui pr\u00e9c\u00e8de leur choix d\u2019orientation. Il est parfois difficile de s\u2019y retrouver dans le d\u00e9dale des fili\u00e8res et des dipl\u00f4mes\u00a0!<\/p><p>Des permanences sont tr\u00e8s r\u00e9guli\u00e8rement organis\u00e9es \u00e0 destination des lyc\u00e9ens qui s\u2019inscrivent sur le temps du midi.<\/p><h2 style=\"margin: 0.5em 0px; font-family: Oswald, Verdana, Geneva, Arial, Helvetica, sans-serif; line-height: inherit; color: #333333; text-rendering: optimizelegibility; font-size: 17px;\"><span style=\"font-family: Georgia, Palatino; font-size: 14pt; color: #808080;\"><strong style=\"font-weight: bold;\">Les objectifs du B.D.I. :<\/strong><\/span><\/h2><p><span style=\"color: #808080; font-family: Georgia, Palatino; font-size: 14pt;\">Informer les \u00e9l\u00e8ves dans leur projet personnel par le biais de :<\/span><\/p><ul><li><span style=\"font-family: Georgia, Palatino; font-size: 14pt; color: #808080;\">U<\/span><span style=\"font-family: Georgia, Palatino; font-size: 14pt; color: #808080;\">ne r\u00e9flexion sur eux-m\u00eames (go\u00fbts, aptitudes, valeurs)<\/span><\/li><li><span style=\"font-family: Georgia, Palatino; font-size: 14pt; color: #808080;\">Une approche des m\u00e9tiers<\/span><\/li><li><span style=\"font-family: Georgia, Palatino; font-size: 14pt; color: #808080;\">Une information sur les \u00e9tudes sup\u00e9rieures<\/span><\/li><\/ul>\t\t\t\t\t\t\t\t<\/div>\n\t\t\t\t<\/div>\n\t\t\t\t\t<\/div>\n\t\t<\/div>\n\t\t\t\t\t<\/div>\n\t\t<\/section>\n\t\t\t\t<\/div>\n\t\t","protected":false},"excerpt":{"rendered":"<p>LE BDI Le\u00a0BDI\u00a0est un lieu d\u2019information sur l\u2019orientation, les \u00e9tudes, les dipl\u00f4mes, les m\u00e9tiers\u2026.Mais c\u2019est aussi un lieu de dialogue anim\u00e9 par des parents d\u2019\u00e9l\u00e8ves ou d&rsquo;anciens \u00e9l\u00e8ves\u00a0 b\u00e9n\u00e9voles, \u00e0 l\u2019intention des jeunes de notre lyc\u00e9e, sous la responsabilit\u00e9 du chef d\u2019\u00e9tablissement. Les ressources pour ces parents animateurs sont vari\u00e9es\u00a0: publications papier de l\u2019Onisep r\u00e9guli\u00e8rement [&hellip;]<\/p>\n","protected":false},"author":1,"featured_media":0,"parent":0,"menu_order":0,"comment_status":"closed","ping_status":"closed","template":"","meta":{"footnotes":""},"class_list":["post-539","page","type-page","status-publish","hentry"],"jetpack_sharing_enabled":true,"rttpg_featured_image_url":null,"rttpg_author":{"display_name":"webretiersadmin","author_link":"https:\/\/www.lyceeretiers.bzh\/?author=1"},"rttpg_comment":0,"rttpg_category":null,"rttpg_excerpt":"LE BDI Le\u00a0BDI\u00a0est un lieu d\u2019information sur l\u2019orientation, les \u00e9tudes, les dipl\u00f4mes, les m\u00e9tiers\u2026.Mais c\u2019est aussi un lieu de dialogue anim\u00e9 par des parents d\u2019\u00e9l\u00e8ves ou d&rsquo;anciens \u00e9l\u00e8ves\u00a0 b\u00e9n\u00e9voles, \u00e0 l\u2019intention des jeunes de notre lyc\u00e9e, sous la responsabilit\u00e9 du chef d\u2019\u00e9tablissement. Les ressources pour ces parents animateurs sont vari\u00e9es\u00a0: publications papier de l\u2019Onisep r\u00e9guli\u00e8rement\u2026","_links":{"self":[{"href":"https:\/\/www.lyceeretiers.bzh\/index.php?rest_route=\/wp\/v2\/pages\/539","targetHints":{"allow":["GET"]}}],"collection":[{"href":"https:\/\/www.lyceeretiers.bzh\/index.php?rest_route=\/wp\/v2\/pages"}],"about":[{"href":"https:\/\/www.lyceeretiers.bzh\/index.php?rest_route=\/wp\/v2\/types\/page"}],"author":[{"embeddable":true,"href":"https:\/\/www.lyceeretiers.bzh\/index.php?rest_route=\/wp\/v2\/users\/1"}],"replies":[{"embeddable":true,"href":"https:\/\/www.lyceeretiers.bzh\/index.php?rest_route=%2Fwp%2Fv2%2Fcomments&post=539"}],"version-history":[{"count":16,"href":"https:\/\/www.lyceeretiers.bzh\/index.php?rest_route=\/wp\/v2\/pages\/539\/revisions"}],"predecessor-version":[{"id":4797,"href":"https:\/\/www.lyceeretiers.bzh\/index.php?rest_route=\/wp\/v2\/pages\/539\/revisions\/4797"}],"wp:attachment":[{"href":"https:\/\/www.lyceeretiers.bzh\/index.php?rest_route=%2Fwp%2Fv2%2Fmedia&parent=539"}],"curies":[{"name":"wp","href":"https:\/\/api.w.org\/{rel}","templated":true}]}}